b - 2116?
-2027
In base 14, what is 84d + -390?
49d
In base 8, what is 642 + -13?
627
In base 13, what is 16 - -b39?
b52
In base 12, what is -609858 + -2?
-60985a
In base 14, what is 99c - -178?
b36
In base 14, what is -7 - 1627?
-1630
In base 13, what is 6 + -83009?
-83003
In base 12, what is 58a - -29b5?
3383
In base 4, what is 0 - 2123200?
-2123200
In base 3, what is 2 + -100012012?
-100012010
In base 11, what is -318 + -20a?
-527
In base 9, what is -80312 + 2?
-80310
In base 9, what is 3080 - 2?
3077
In base 3, what is -20012012011 - -1?
-20012012010
In base 8, what is -4071 - 31?
-4122
In base 4, what is -101 + -312?
-1013
In base 5, what is 1313330 + 0?
1313330
In base 3, what is 1202 - 20110112?
-20101210
In base 12, what is 28a431 - -2?
28a433
In base 6, what is 510 + 50?
1000
In base 11, what is a15a3 - 4?
a159a
In base 12, what is 13ba06 - -4?
13ba0a
In base 3, what is 12 - -10200021?
10200110
In base 8, what is -112 - 116?
-230
In base 15, what is -5b67 + -4?
-5b6b
In base 8, what is 63 + -54015?
-53732
In base 12, what is 3 + 20a5?
20a8
In base 10, what is 5 - 795419?
-795414
In base 9, what is -20228 - 112?
-20341
In base 9, what is -3 + 13547?
13544
In base 3, what is 21 - -100021211102?
100021211200
In base 3, what is 10 + -120010002?
-120002222
In base 11, what is -2145 + 119?
-2027
In base 5, what is -2202 - -333?
-1314
In base 16, what is 4 + 11bb0?
11bb4
In base 4, what is -12 - -302003?
301331
In base 5, what is -41111 + 113?
-40443
In base 8, what is 727 - -17?
746
In base 15, what is -28 + 77?
4e
In base 16, what is -64 - -181d?
17b9
In base 13, what is -2 - -25ba?
25b8
In base 12, what is 3 - a20b?
-a208
In base 14, what is -353 - 416?
-769
In base 10, what is -1612 - 935?
-2547
In base 4, what is -13 + 10010131?
10010112
In base 6, what is -4 + 5002422?
5002414
In base 12, what is 75ba8 - 0?
75ba8
In base 7, what is -331 + -11315?
-11646
In base 13, what is -33 - -8168?
8135
In base 13, what is -681 - 1b8?
-869
In base 12, what is -ba9a0 - 0?
-ba9a0
In base 5, what is -4220012 + 0?
-4220012
In base 6, what is -1004423 - -5?
-1004414
In base 16, what is -27 - -4628?
4601
In base 14, what is 5 + -7321?
-731a
In base 15, what is -4 + cd64?
cd60
In base 9, what is 30046 - 4?
30042
In base 11, what is -383a8a - 5?
-383a94
In base 10, what is -29 + 3009?
2980
In base 10, what is -183 + 545?
362
In base 10, what is -37632 + 3?
-37629
In base 2, what is 100011101010000110 - 10100?
100011101001110010
In base 10, what is 15680 + 8?
15688
In base 6, what is -111025542 + 3?
-111025535
In base 3, what is -22002 - 10012022?
-10111101
In base 4, what is 102113121 - -12?
102113133
In base 12, what is a71b - -1?
a720
In base 11, what is -25755 + 1?
-25754
In base 15, what is -3 - -105b89?
105b86
In base 10, what is 28 - -398?
426
In base 11, what is 19575 + -4?
19571
In base 10, what is 0 + 19384?
19384
In base 9, what is 888633 - 12?
888621
In base 5, what is -2021243013 - -2?
-2021243011
In base 14, what is aa4 + 2a?
ad0
In base 14, what is 863 + 373?
bd6
In base 10, what is -3 - 7013?
-7016
In base 8, what is 24332 + 200?
24532
In base 6, what is 3 - -101151324?
101151331
In base 10, what is 1 - -60031?
60032
In base 4, what is 10 + -10201230?
-10201220
In base 15, what is e24c - -c?
e259
In base 16, what is 30d + -d9?
234
In base 6, what is 23115051 - 1?
23115050
In base 14, what is 1 - 2a2b?
-2a2a
In base 10, what is 4456 - 405?
4051
In base 13, what is -133 + 21b?
b8
In base 14, what is -5 + -187da?
-18801
In base 5, what is 2 - -134200?
134202
In base 12, what is -7 + 1b4a3?
1b498
In base 10, what is -8844 - 22?
-8866
In base 11, what is 1 - 5379a?
-53799
In base 13, what is 7a - 501a?
-4c70
In base 9, what is -1 - 15141?
-15142
In base 5, what is 1 + -2034241?
-2034240
In base 3, what is -120021 + 20022?
-22222
In base 8, what is -5 - 26261?
-26266
In base 3, what is 12000111112 - -111?
12000112000
In base 10, what is -30779 - -18?
-30761
In base 9, what is -5 - -712?
706
In base 3, what is -200211102122 - -1?
-200211102121
In base 14, what is 3 - -42c50?
42c53
In base 16, what is 300 + -c4?
23c
In base 10, what is -1358 - 391?
-1749
In base 4, what is -100 + 31212?
31112
In base 14, what is -15a9a + 1?
-15a99
In base 10, what is -11683 - 121?
-11804
In base 2, what is -111010110111100011 + 100?
-111010110111011111
In base 4, what is 1000323 + 323?
1001312
In base 14, what is 3d8 + -183?
255
In base 5, what is -1 + 330311?
330310
In base 10, what is -115 - 19?
-134
In base 12, what is -31ab + 4?
-31a7
In base 8, what is 44 - 61650?
-61604
In base 9, what is 5 + -42376?
-42371
In base 10, what is -926437 - 8?
-926445
In base 9, what is -653 + -17?
-671
In base 5, what is -3312 - -23342?
20030
In base 9, what is 17 - 2530?
-2512
In base 14, what is -a337 + -a?
-a343
In base 5, what is 10314120 - 4?
10314111
In base 4, what is -123 + -1321213?
-1322002
In base 8, what is -4305 + 236?
-4047
In base 14, what is 88 + -7264?
-71ba
In base 16, what is -1e00 + -7?
-1e07
In base 2, what is -1110 + 10011100111?
10011011001
In base 11, what is -66 + -1a4?
-25a
In base 6, what is -243544 + -2?
-243550
In base 5, what is -10 + 121302?
121242
In base 13, what is -5 - 16a75?
-16a7a
In base 8, what is 2 + 231434?
231436
In base 9, what is 4 + -4670?
-4665
In base 14, what is 3200 + 5?
3205
In base 4, what is 10 - 313130303?
-313130233
In base 10, what is 914125 - 5?
914120
In base 5, what is -42004 - 2244?
-44303
In base 2, what is 101001010011101 + 100?
101001010100001
In base 13, what is 6 - -2483?
2489
In base 5, what is 34 + 32142?
32231
In base 14, what is a6 + -a4?
2
In base 9, what is 43364 + 1?
43365
In base 12, what is 1 - -9b70b?
9b710
In base 6, what is -1400531 + -23?
-1400554
In base 5, what is 42314331 - -4?
42314340
In base 3, what is -1211221220221 + -1?
-1211221220222
In base 6, what is -15 + 25404?
25345
In base 6, what is 3 + -1045032?
-1045025
In base 16, what is -1ed - 1753?
-1940
In base 14, what is -79 + 16?
-63
In base 12, what is -35 + 12a7?
1272
In base 10, what is 2 - 27416?
-27414
In base 16, what is 565730 - -1?
565731
In base 4, what is 21221 + -300?
20321
In base 16, what is 3 + 3c73d?
3c740
In base 11, what is 0 - 411998?
-411998
In base 14, what is dc + a3?
1a1
In base 4, what is 3111110313 + 3?
3111110322
In base 6, what is -513 - -20?
-453
In base 16, what is 4 + -61cf?
-61cb
In base 11, what is -1 + -211471?
-211472
In base 2, what is -1001010010001000000 + -1?
-1001010010001000001
In base 8, what is -1611716 - 5?
-1611723
In base 16, what is -4 - 2084?
-2088
In base 13, what is -1130 - -5b?
-10a2
In base 6, what is -450115 - 2?
-450121
In base 13, what is -3 - a880?
-a883
In base 10, what is -304 + -19?
-323
In base 3, what is 1200 + 1110101?
1112001
In base 15, what is -2 - 2de8a?
-2de8c
In base 10, what is -25 - -420?
395
In base 4, what is 10323120 + 221?
10330001
In base 12, what is 0 + 16b08b?
16b08b
In base 6, what is -242415 - -254?
-242121
In base 16, what is -35 + -2d5?
-30a
In base 16, what is -5 + -179ee2?
-179ee7
In base 3, what is -1121211122 - 0?
-1121211122
In base 15, what is -ba - -57d?
4b3
In base 4, what is 222 - 112310021?
-112303133
In base 16, what is c2 + -17?
ab
In base 5, what is 11230230 + 10?
11230240
In base 5, what is -2320 - -203?
-2112
In base 15, what is -237c - 1b?
-2398
In base 10, what is -51772 + 0?
-51772
In base 11, what is 51064 + -3?
51061
In base 6, what is 33024 + -102?
32522
In base 15, what is -133 + 21?
-112
In base 9, what is 76 - -2760?
2846
In base 5, what is 243312 + 1014?
244331
In base 13, what is 2cba7 + -1?
2cba6
In base 11, what is -53a + -608?
-1047
In base 4, what is -103 - 10021?
-10130
In base 13, what is -16498 + -5?
-164a0
In base 16, what is 521 + 40?
561
In base 14, what is 4 + 534a?
5350
In base 9, what is 266371 + -4?
266366
In base 14, what is -5a2 + -56?
-618
In base 6, what is -120414 - 2?
-120420
In base 10, what is -113188 - 4?
-113192
In base 5, what is 3243 + 21132?
24430
In base 2, what is -1111110 - 11001000?
-101000110
In base 4, what is 30000003 - -11?
30000020
In base 8, what is -531 + -504?
-1235
In base 3, what is -2010210 + 112?
-2010021
In base 4, what is 122 - 3101112?
-3100330
In base 5, what is -3 - -113231103?
113231100
I